[INFO] cloning repository https://github.com/Dettorer/OCRust
[INFO] running `Command { std: "git" "-c" "credential.helper=" "-c" "credential.helper=/workspace/cargo-home/bin/git-credential-null" "clone" "--bare" "https://github.com/Dettorer/OCRust" "/workspace/cache/git-repos/https%3A%2F%2Fgithub.com%2FDettorer%2FOCRust", kill_on_drop: false }`
[INFO] [stderr] Cloning into bare repository '/workspace/cache/git-repos/https%3A%2F%2Fgithub.com%2FDettorer%2FOCRust'...
[INFO] running `Command { std: "git" "rev-parse" "HEAD", kill_on_drop: false }`
[INFO] [stdout] 53ed369d4369d5173c52d19ad1abe70727fcdc37
[INFO] checking Dettorer/OCRust against master#e6e4f7ed1589e03bc2f6c5931c1a72e7947e8682 for beta-170-4
[INFO] running `Command { std: "git" "clone" "/workspace/cache/git-repos/https%3A%2F%2Fgithub.com%2FDettorer%2FOCRust" "/workspace/builds/worker-1-tc2/source", kill_on_drop: false }`
[INFO] [stderr] Cloning into '/workspace/builds/worker-1-tc2/source'...
[INFO] [stderr] done.
[INFO] validating manifest of git repo https://github.com/Dettorer/OCRust on toolchain e6e4f7ed1589e03bc2f6c5931c1a72e7947e8682
[INFO] running `Command { std: CARGO_HOME="/workspace/cargo-home" RUSTUP_HOME="/workspace/rustup-home" "/workspace/cargo-home/bin/cargo" "+e6e4f7ed1589e03bc2f6c5931c1a72e7947e8682" "metadata" "--manifest-path" "Cargo.toml" "--no-deps", kill_on_drop: false }`
[INFO] removed /workspace/builds/worker-1-tc2/source/rust-toolchain
[INFO] started tweaking git repo https://github.com/Dettorer/OCRust
[INFO] finished tweaking git repo https://github.com/Dettorer/OCRust
[INFO] tweaked toml for git repo https://github.com/Dettorer/OCRust written to /workspace/builds/worker-1-tc2/source/Cargo.toml
[INFO] crate git repo https://github.com/Dettorer/OCRust already has a lockfile, it will not be regenerated
[INFO] running `Command { std: CARGO_HOME="/workspace/cargo-home" RUSTUP_HOME="/workspace/rustup-home" "/workspace/cargo-home/bin/cargo" "+e6e4f7ed1589e03bc2f6c5931c1a72e7947e8682" "fetch" "--manifest-path" "Cargo.toml", kill_on_drop: false }`
[INFO] running `Command { std: "docker" "create" "-v" "/var/lib/crater-agent-workspace/builds/worker-1-tc2/target:/opt/rustwide/target:rw,Z" "-v" "/var/lib/crater-agent-workspace/builds/worker-1-tc2/source:/opt/rustwide/workdir:ro,Z" "-v" "/var/lib/crater-agent-workspace/cargo-home:/opt/rustwide/cargo-home:ro,Z" "-v" "/var/lib/crater-agent-workspace/rustup-home:/opt/rustwide/rustup-home:ro,Z" "-e" "SOURCE_DIR=/opt/rustwide/workdir" "-e" "CARGO_TARGET_DIR=/opt/rustwide/target" "-e" "CARGO_HOME=/opt/rustwide/cargo-home" "-e" "RUSTUP_HOME=/opt/rustwide/rustup-home" "-w" "/opt/rustwide/workdir" "-m" "1610612736" "--user" "0:0" "--network" "none" "ghcr.io/rust-lang/crates-build-env/linux@sha256:19e73879b68f455e41552ea35293514db52ea292d993f571636dbffedb77a1ee" "/opt/rustwide/cargo-home/bin/cargo" "+e6e4f7ed1589e03bc2f6c5931c1a72e7947e8682" "metadata" "--no-deps" "--format-version=1", kill_on_drop: false }`
[INFO] [stdout] 5f64e55f3194c4cf92ed91ec934cc1af34b2bc18782bdce0b341b6f3fd7f2380
[INFO] running `Command { std: "docker" "start" "-a" "5f64e55f3194c4cf92ed91ec934cc1af34b2bc18782bdce0b341b6f3fd7f2380", kill_on_drop: false }`
[INFO] running `Command { std: "docker" "inspect" "5f64e55f3194c4cf92ed91ec934cc1af34b2bc18782bdce0b341b6f3fd7f2380", kill_on_drop: false }`
[INFO] running `Command { std: "docker" "rm" "-f" "5f64e55f3194c4cf92ed91ec934cc1af34b2bc18782bdce0b341b6f3fd7f2380", kill_on_drop: false }`
[INFO] [stdout] 5f64e55f3194c4cf92ed91ec934cc1af34b2bc18782bdce0b341b6f3fd7f2380
[INFO] running `Command { std: "docker" "create" "-v" "/var/lib/crater-agent-workspace/builds/worker-1-tc2/target:/opt/rustwide/target:rw,Z" "-v" "/var/lib/crater-agent-workspace/builds/worker-1-tc2/source:/opt/rustwide/workdir:ro,Z" "-v" "/var/lib/crater-agent-workspace/cargo-home:/opt/rustwide/cargo-home:ro,Z" "-v" "/var/lib/crater-agent-workspace/rustup-home:/opt/rustwide/rustup-home:ro,Z" "-e" "SOURCE_DIR=/opt/rustwide/workdir" "-e" "CARGO_TARGET_DIR=/opt/rustwide/target" "-e" "CARGO_INCREMENTAL=0" "-e" "RUST_BACKTRACE=full" "-e" "RUSTFLAGS=--cap-lints=forbid" "-e" "RUSTDOCFLAGS=--cap-lints=forbid" "-e" "CARGO_HOME=/opt/rustwide/cargo-home" "-e" "RUSTUP_HOME=/opt/rustwide/rustup-home" "-w" "/opt/rustwide/workdir" "-m" "1610612736" "--user" "0:0" "--network" "none" "ghcr.io/rust-lang/crates-build-env/linux@sha256:19e73879b68f455e41552ea35293514db52ea292d993f571636dbffedb77a1ee" "/opt/rustwide/cargo-home/bin/cargo" "+e6e4f7ed1589e03bc2f6c5931c1a72e7947e8682" "check" "--frozen" "--all" "--all-targets" "--message-format=json", kill_on_drop: false }`
[INFO] [stdout] 5fad01e5663a3cd3fe60c5cf735ba9822035ac15f6837e232e7e00d7c69c8c56
[INFO] running `Command { std: "docker" "start" "-a" "5fad01e5663a3cd3fe60c5cf735ba9822035ac15f6837e232e7e00d7c69c8c56", kill_on_drop: false }`
[INFO] [stderr]    Compiling autocfg v1.0.0
[INFO] [stderr]    Compiling proc-macro2 v1.0.10
[INFO] [stderr]    Compiling unicode-xid v0.2.0
[INFO] [stderr]    Compiling syn v1.0.18
[INFO] [stderr]    Compiling serde v1.0.106
[INFO] [stderr]    Compiling libc v0.2.69
[INFO] [stderr]    Compiling getrandom v0.1.14
[INFO] [stderr]    Compiling typenum v1.12.0
[INFO] [stderr]    Compiling ryu v1.0.4
[INFO] [stderr]     Checking ppv-lite86 v0.2.6
[INFO] [stderr]     Checking rawpointer v0.2.1
[INFO] [stderr]     Checking itoa v0.4.5
[INFO] [stderr]     Checking matrixmultiply v0.3.2
[INFO] [stderr]    Compiling num-traits v0.2.11
[INFO] [stderr]    Compiling num-integer v0.1.42
[INFO] [stderr]    Compiling num-rational v0.4.0
[INFO] [stderr]     Checking either v1.5.3
[INFO] [stderr]     Checking itertools v0.9.0
[INFO] [stderr]    Compiling quote v1.0.3
[INFO] [stderr]     Checking rand_core v0.5.1
[INFO] [stderr]     Checking rand_chacha v0.2.2
[INFO] [stderr]     Checking rand v0.7.3
[INFO] [stderr]     Checking approx v0.5.1
[INFO] [stderr]    Compiling serde_derive v1.0.106
[INFO] [stderr]    Compiling nalgebra-macros v0.1.0
[INFO] [stderr]     Checking num-complex v0.4.1
[INFO] [stderr]     Checking serde_json v1.0.52
[INFO] [stderr]     Checking simba v0.5.1
[INFO] [stderr]     Checking nalgebra v0.27.1
[INFO] [stderr]     Checking ocrust v0.1.0 (/opt/rustwide/workdir)
[INFO] [stdout] error[E0599]: no function or associated item named `new_random` found for struct `Matrix` in the current scope
[INFO] [stdout]   --> src/mlp.rs:55:18
[INFO] [stdout]    |
[INFO] [stdout] 55 |         DVector::new_random(dim)
[INFO] [stdout]    |                  ^^^^^^^^^^ function or associated item not found in `Matrix<_, Dynamic, Const<1>, VecStorage<_, Dynamic, Const<1>>>`
[INFO] [stdout] 
[INFO] [stdout] 
[INFO] [stdout] error[E0599]: no function or associated item named `new_random` found for struct `Matrix` in the current scope
[INFO] [stdout]   --> src/mlp.rs:55:18
[INFO] [stdout]    |
[INFO] [stdout] 55 |         DVector::new_random(dim)
[INFO] [stdout]    |                  ^^^^^^^^^^ function or associated item not found in `Matrix<_, Dynamic, Const<1>, VecStorage<_, Dynamic, Const<1>>>`
[INFO] [stdout] 
[INFO] [stdout] 
[INFO] [stdout] error[E0599]: no function or associated item named `new_random` found for struct `Matrix` in the current scope
[INFO] [stdout]   --> src/mlp.rs:58:18
[INFO] [stdout]    |
[INFO] [stdout] 58 |         DMatrix::new_random(dim1, dim2)
[INFO] [stdout]    |                  ^^^^^^^^^^ function or associated item not found in `Matrix<_, Dynamic, Dynamic, VecStorage<_, Dynamic, Dynamic>>`
[INFO] [stdout] 
[INFO] [stdout] 
[INFO] [stdout] error[E0599]: no function or associated item named `new_random` found for struct `Matrix` in the current scope
[INFO] [stdout]   --> src/mlp.rs:58:18
[INFO] [stdout]    |
[INFO] [stdout] 58 |         DMatrix::new_random(dim1, dim2)
[INFO] [stdout]    |                  ^^^^^^^^^^ function or associated item not found in `Matrix<_, Dynamic, Dynamic, VecStorage<_, Dynamic, Dynamic>>`
[INFO] [stdout] 
[INFO] [stdout] 
[INFO] [stdout] error: aborting due to 2 previous errors
[INFO] [stdout] 
[INFO] [stdout] 
[INFO] [stdout] For more information about this error, try `rustc --explain E0599`.
[INFO] [stdout] 
[INFO] [stdout] error: aborting due to 2 previous errors
[INFO] [stdout] 
[INFO] [stdout] 
[INFO] [stderr] error: could not compile `ocrust` (lib) due to 3 previous errors
[INFO] [stdout] For more information about this error, try `rustc --explain E0599`.
[INFO] [stdout] 
[INFO] [stderr] warning: build failed, waiting for other jobs to finish...
[INFO] [stderr] error: could not compile `ocrust` (lib test) due to 3 previous errors
[INFO] running `Command { std: "docker" "inspect" "5fad01e5663a3cd3fe60c5cf735ba9822035ac15f6837e232e7e00d7c69c8c56", kill_on_drop: false }`
[INFO] running `Command { std: "docker" "rm" "-f" "5fad01e5663a3cd3fe60c5cf735ba9822035ac15f6837e232e7e00d7c69c8c56", kill_on_drop: false }`
[INFO] [stdout] 5fad01e5663a3cd3fe60c5cf735ba9822035ac15f6837e232e7e00d7c69c8c56
